620.
614
What is the remainder when 168 is divided by 45?
33
Calculate the remainder when 8183 is divided by 375.
308
What is the remainder when 34522 is divided by 85?
12
What is the remainder when 1951 is divided by 906?
139
What is the remainder when 54788 is divided by 283?
169
What is the remainder when 560287 is divided by 703?
699
Calculate the remainder when 10084 is divided by 144.
4
What is the remainder when 10095 is divided by 194?
7
Calculate the remainder when 374961 is divided by 218.
1
What is the remainder when 67605 is divided by 53?
30
What is the remainder when 12749 is divided by 41?
39
Calculate the remainder when 881 is divided by 196.
97
What is the remainder when 4082 is divided by 362?
100
Calculate the remainder when 199738 is divided by 22.
0
Calculate the remainder when 19029 is divided by 6341.
6
What is the remainder when 15583 is divided by 11?
7
What is the remainder when 14350 is divided by 48?
46
What is the remainder when 48706 is divided by 369?
367
Calculate the remainder when 7911 is divided by 19.
7
What is the remainder when 1519 is divided by 757?
5
What is the remainder when 14100 is divided by 2820?
0
What is the remainder when 74267 is divided by 32?
27
What is the remainder when 2238 is divided by 273?
54
What is the remainder when 760 is divided by 517?
243
Calculate the remainder when 4617 is divided by 61.
42
What is the remainder when 93212 is divided by 9?
8
What is the remainder when 18291 is divided by 953?
184
Calculate the remainder when 41104 is divided by 20550.
4
What is the remainder when 101043 is divided by 4?
3
Calculate the remainder when 1674 is divided by 121.
101
What is the remainder when 421 is divided by 17?
13
Calculate the remainder when 110444 is divided by 1139.
1100
Calculate the remainder when 98634 is divided by 98623.
11
What is the remainder when 1898 is divided by 235?
18
Calculate the remainder when 122932 is divided by 488.
444
Calculate the remainder when 25453 is divided by 178.
177
Calculate the remainder when 133495 is divided by 1035.
1015
Calculate the remainder when 20731 is divided by 72.
67
What is the remainder when 255152 is divided by 11596?
40
What is the remainder when 6118 is divided by 1617?
1267
Calculate the remainder when 22546 is divided by 90.
46
Calculate the remainder when 167992 is divided by 306.
304
Calculate the remainder when 1220 is divided by 47.
45
What is the remainder when 723 is divided by 45?
3
Calculate the remainder when 83757 is divided by 3350.
7
What is the remainder when 57820 is divided by 596?
8
What is the remainder when 9546 is divided by 473?
86
What is the remainder when 5257 is divided by 660?
637
Calculate the remainder when 2354 is divided by 108.
86
What is the remainder when 114708 is divided by 35?
13
What is the remainder when 15075 is divided by 222?
201
Calculate the remainder when 31310 is divided by 10424.
38
What is the remainder when 2582 is divided by 26?
8
What is the remainder when 1879 is divided by 25?
4
What is the remainder when 119386 is divided by 96?
58
Calculate the remainder when 14576 is divided by 18.
14
What is the remainder when 34182 is divided by 40?
22
What is the remainder when 4200 is divided by 3?
0
What is the remainder when 1033 is divided by 343?
4
Calculate the remainder when 23081 is divided by 244.
145
What is the remainder when 2098 is divided by 193?
168
What is the remainder when 181384 is divided by 234?
34
Calculate the remainder when 4016 is divided by 1338.
2
What is the remainder when 23032 is divided by 7677?
1
Calculate the remainder when 27908 is divided by 46.
32
Calculate the remainder when 282349 is divided by 14.
11
Calculate the remainder when 232975 is divided by 623.
596
Calculate the remainder when 6450 is divided by 1950.
600
Calculate the remainder when 98143 is divided by 24.
7
Calculate the remainder when 47290 is divided by 1576.
10
Calculate the remainder when 32659 is divided by 92.
91
What is the remainder when 23590 is divided by 50?
40
Calculate the remainder when 15666 is divided by 313.
16
Calculate the remainder when 105843 is divided by 8140.
23
What is the remainder when 204132 is divided by 51?
30
Calculate the remainder when 1512342 is divided by 15.
12
Calculate the remainder when 100678 is divided by 113.
108
What is the remainder when 99464 is divided by 485?
39
Calculate the remainder when 35342 is divided by 262.
234
What is the remainder when 32664 is divided by 135?
129
Calculate the remainder when 1730 is divided by 284.
26
What is the remainder when 1360 is divided by 267?
25
What is the remainder when 587819 is divided by 103?
101
Calculate the remainder when 221073 is divided by 23.
20
Calculate the remainder when 1901 is divided by 843.
215
Calculate the remainder when 55565 is divided by 307.
305
What is the remainder when 21410 is divided by 4279?
15
What is the remainder when 19857 is divided by 223?
10
Calculate the remainder when 1003 is divided by 511.
492
Calculate the remainder when 2400 is divided by 77.
13
What is the remainder when 11681 is divided by 162?
17
Calculate the remainder when 130871 is divided by 15.
11
What is the remainder when 31238 is divided by 27?
26
What is the remainder when 1035 is divided by 340?
15
Calculate the remainder when 585278 is divided by 31.
29
Calculate the remainder when 3757 is divided by 263.
75
Calculate the remainder when 105896 is divided by 53.
2
Calculate the remainder when 13255 is divided by 17.
12
Calculate the remainder when 673 is divided by 68.
61
What is the remainder when 635012 is divided by 151?
57
What is the remainder when 16169 is divided by 55?
54
What is the remainder when 16856 is divided by 5593?
77
Calculate the remainder when 30747 is divided by 25.
22
What is the remainder when 90402 is divided by 9?
6
Calculate the remainder when 3495 is divided by 870.
15
What is the remainder when 9854 is divided by 56?
54
Calculate the remainder when 16111 is divided by 133.
18
Calculate the remainder when 1194351 is divided by 18.
15
Calculate the remainder when 23661 is divided by 436.
117
What is the remainder when 17310 is divided by 9?
3
What is the remainder when 1670 is divided by 73?
64
What is the remainder when 27228 is divided by 52?
32
What is the remainder when 10959 is divided by 10704?
255
Calculate the remainder when 3125 is divided by 460.
365
What is the remainder when 1626 is divided by 294?
156
Calculate the remainder when 9440 is divided by 12.
8
Calculate the remainder when 2551604 is divided by 2179.
2174
What is the remainder when 52104 is divided by 17365?
9
Calculate the remainder when 165436 is divided by 16542.
16
What is the remainder when 969450 is divided by 8?
2
What is the remainder when 36147 is divided by 977?
975
Calculate the remainder when 14996 is divided by 99.
47
Calculate the remainder when 478 is divided by 218.
42
Calculate the remainder when 4224 is divided by 527.
8
What is the remainder when 280 is divided by 183?
97
Calculate the remainder when 16888 is divided by 220.
168
Calculate the remainder when 56239 is divided by 61.
58
What is the remainder when 4964 is divided by 354?
8
Calculate the remainder when 32792 is divided by 33.
23
What is the remainder when 3888 is divided by 279?
261
Calculate the remainder when 13149 is divided by 6570.
9
Calculate the remainder when 9406 is divided by 721.
33
What is the remainder when 199979 is divided by 34?
25
Calculate the remainder when 21562 is divided by 118.
86
What is the remainder when 266619 is divided by 222?
219
What is the remainder when 1437 is divided by 45?
42
Calculate the remainder when 324565 is divided by 233.
229
What is the remainder when 17610 is divided by 9?
6
What is the remainder when 41380 is divided by 608?
36
What is the remainder when 757679 is divided by 210?
209
Calculate the remainder when 23921 is divided by 644.
93
What is the remainder when 8355 is divided by 1052?
991
Calculate the remainder when 2615 is divided by 139.
113
Calculate the remainder when 13051 is divided by 56.
3
Calculate the remainder when 39808 is divided by 697.
79
Calculate the remainder when 1754 is divided by 36.
26
Calculate the remainder when 43680 is divided by 11.
1